EVOLUTION-NINJA
Edit File: jayblues.in
114.119.135.196 - - [12/May/2026:12:03:48 +0000] "GET /Amcad/Amcad_Admin/tests/database/?C=S%3BO%3DA HTTP/1.1" 404 - "http://jayblues.in/Amcad/Amcad_Admin/tests/database/" "Mozilla/5.0 (Linux; Android 7.0;) AppleWebKit/537.36 (HTML, like Gecko) Mobile Safari/537.36 (compatible; PetalBot;+https://webmaster.petalsearch.com/site/petalbot)"
114.119.128.253 - - [12/May/2026:12:05:14 +0000] "GET /Amcad/Amcad_Admin/tests/database/?C=M%3BO%3DA HTTP/1.1" 404 - "http://jayblues.in/Amcad/Amcad_Admin/tests/database/" "Mozilla/5.0 (Linux; Android 7.0;) AppleWebKit/537.36 (KHTML, like Gecko) Mobile Safari/537.36 (compatible; PetalBot;+https://webmaster.petalsearch.com/site/petalbot)"
114.119.155.200 - - [12/May/2026:12:06:35 +0000] "GET /Amcad/Amcad_Admin/tests/database/?C=D%3BO%3DA HTTP/1.1" 404 - "http://jayblues.in/Amcad/Amcad_Admin/tests/database/" "Mozilla/5.0 (Linux; Android 7.0;) AppleWebKit/537.36 (HTML, like Gecko) Mobile Safari/537.36 (compatible; PetalBot;+https://webmaster.petalsearch.com/site/petalbot)"
114.119.135.196 - - [12/May/2026:12:07:59 +0000] "GET /Amcad/Amcad_Admin/tests/_support/ HTTP/1.1" 404 - "http://jayblues.in/Amcad/Amcad_Admin/tests/?C=N%3BO%3DD" "Mozilla/5.0 (Linux; Android 7.0;) AppleWebKit/537.36 (HTML, like Gecko) Mobile Safari/537.36 (compatible; PetalBot;+https://webmaster.petalsearch.com/site/petalbot)"
216.244.66.245 - - [12/May/2026:12:09:13 +0000] "GET /robots.txt HTTP/1.1" 404 - "-" "Mozilla/5.0 (compatible; DotBot/1.2; +https://opensiteexplorer.org/dotbot; help@moz.com)"
51.222.95.248 - - [12/May/2026:12:12:46 +0000] "GET /MMG/email/helps.php HTTP/1.1" 200 1 "-" "Mozilla/5.0 (compatible; AhrefsBot/7.0; +http://ahrefs.com/robot/)"
216.244.66.245 - - [12/May/2026:12:13:46 +0000] "GET /MMG/PHPExcel/Chart/Renderer/?C=D;O=A HTTP/1.1" 200 1078 "-" "Mozilla/5.0 (compatible; DotBot/1.2; +https://opensiteexplorer.org/dotbot; help@moz.com)"
185.191.171.15 - - [12/May/2026:12:18:55 +0000] "GET /helps.php HTTP/1.1" 200 - "-" "Mozilla/5.0 (compatible; SemrushBot/7~bl; +http://www.semrush.com/bot.html)"
43.172.194.191 - - [12/May/2026:12:30:31 +0000] "GET /medusys_staging/foryou-hospital HTTP/1.1" 200 48579 "-" "Mozilla/5.0 (Windows NT 10.0; Win64; x64) AppleWebKit/537.36 (KHTML, like Gecko) Chrome/116.0.0.0 Safari/537.36"
159.223.159.7 - - [12/May/2026:12:32:07 +0000] "GET /medusys_staging/public/assets/images1/Mask%20group%20%282%29.png HTTP/1.1" 200 8584 "http://jayblues.in/" "Mozilla/5.0 (Windows NT 10.0; Win64; x64) AppleWebKit/537.36 (KHTML, like Gecko) Chrome/109.0.0.0 Safari/537.36"
184.72.121.156 - - [12/May/2026:12:35:18 +0000] "GET /robots.txt HTTP/1.1" 404 - "-" "Mozilla/5.0 (Macintosh; Intel Mac OS X 10_10_1) AppleWebKit/600.1.25 (KHTML, like Gecko) Version/8.0 Safari/600.1.25"
198.211.102.188 - - [12/May/2026:12:36:30 +0000] "GET /medusys_kem/images/header-icon-4.png HTTP/1.1" 200 546 "http://jayblues.in/" "Mozilla/5.0 (Windows NT 10.0; Win64; x64) AppleWebKit/537.36 (KHTML, like Gecko) Chrome/110.0.0.0 Safari/537.36"
216.244.66.245 - - [12/May/2026:12:52:49 +0000] "GET /robots.txt HTTP/1.1" 404 - "-" "Mozilla/5.0 (compatible; DotBot/1.2; +https://opensiteexplorer.org/dotbot; help@moz.com)"
216.244.66.245 - - [12/May/2026:12:56:32 +0000] "GET /MMG/PHPExcel/Writer/PDF/DomPDF.php HTTP/1.1" 500 - "-" "Mozilla/5.0 (compatible; DotBot/1.2; +https://opensiteexplorer.org/dotbot; help@moz.com)"
216.244.66.245 - - [12/May/2026:12:56:42 +0000] "GET /MMG/PHPExcel/locale/cs/config HTTP/1.1" 200 1322 "-" "Mozilla/5.0 (compatible; DotBot/1.2; +https://opensiteexplorer.org/dotbot; help@moz.com)"
216.244.66.245 - - [12/May/2026:12:57:08 +0000] "GET /MMG/PHPExcel/Writer/?C=D;O=A HTTP/1.1" 200 2979 "-" "Mozilla/5.0 (compatible; DotBot/1.2; +https://opensiteexplorer.org/dotbot; help@moz.com)"
143.20.253.55 - - [12/May/2026:13:10:41 +0000] "GET /medusys_staging/public/assets/images1/Rectangle%206%20%281%29.png HTTP/1.1" 200 142 "-" "-"
103.11.48.42 - - [12/May/2026:13:11:05 +0000] "GET /jayblues.in/testing/helps.php HTTP/1.1" 200 - "-" "Mozilla/5.0 (Macintosh; Intel Mac OS X 10_15_7) AppleWebKit/537.36 (KHTML, like Gecko) Chrome/132.0.6834.83 Safari/537.36"
205.210.31.250 - - [12/May/2026:13:18:04 +0000] "GET / HTTP/1.1" 200 10073 "-" "Hello from Palo Alto Networks, find out more about our scans in https://docs-cortex.paloaltonetworks.com/r/1/Cortex-Xpanse/Scanning-activity"
47.128.42.252 - - [12/May/2026:13:33:42 +0000] "GET /robots.txt HTTP/1.1" 404 - "-" "Mozilla/5.0 (Linux; Android 5.0) AppleWebKit/537.36 (KHTML, like Gecko) Mobile Safari/537.36 (compatible; Bytespider; spider-feedback@bytedance.com)"
216.244.66.245 - - [12/May/2026:13:37:01 +0000] "GET /robots.txt HTTP/1.1" 404 - "-" "Mozilla/5.0 (compatible; DotBot/1.2; +https://opensiteexplorer.org/dotbot; help@moz.com)"
216.244.66.245 - - [12/May/2026:13:40:42 +0000] "GET /MMG/PHPExcel/Shared/OLE/PPS/ HTTP/1.1" 200 1055 "-" "Mozilla/5.0 (compatible; DotBot/1.2; +https://opensiteexplorer.org/dotbot; help@moz.com)"
216.244.66.245 - - [12/May/2026:13:45:16 +0000] "GET /images/certificate/?C=D;O=D HTTP/1.1" 200 77408 "-" "Mozilla/5.0 (compatible; DotBot/1.2; +https://opensiteexplorer.org/dotbot; help@moz.com)"
114.119.128.253 - - [12/May/2026:13:46:54 +0000] "GET /View_Paker/uploads?C=D%3BO%3DA HTTP/1.1" 404 - "-" "Mozilla/5.0 (Linux; Android 7.0;) AppleWebKit/537.36 (KHTML, like Gecko) Mobile Safari/537.36 (compatible; PetalBot;+https://webmaster.petalsearch.com/site/petalbot)"
114.119.154.189 - - [12/May/2026:13:47:36 +0000] "GET /MMG_Trends/PHPExcel/Shared/OLE/PPS/ HTTP/1.1" 404 - "-" "Mozilla/5.0 (Linux; Android 7.0;) AppleWebKit/537.36 (KHTML, like Gecko) Mobile Safari/537.36 (compatible; PetalBot;+https://webmaster.petalsearch.com/site/petalbot)"
114.119.134.95 - - [12/May/2026:13:50:37 +0000] "GET /Amcad_Users/vendor/predis/predis/src/Protocol/ProtocolException.php HTTP/1.1" 404 - "http://jayblues.in/Amcad_Users/vendor/predis/predis/src/Protocol/?C=M%3BO%3DA" "Mozilla/5.0 (Linux; Android 7.0;) AppleWebKit/537.36 (HTML, like Gecko) Mobile Safari/537.36 (compatible; PetalBot;+https://webmaster.petalsearch.com/site/petalbot)"
170.106.165.186 - - [12/May/2026:14:00:38 +0000] "GET / HTTP/1.1" 200 10073 "-" "Mozilla/5.0 (iPhone; CPU iPhone OS 13_2_3 like Mac OS X) AppleWebKit/605.1.15 (KHTML, like Gecko) Version/13.0.3 Mobile/15E148 Safari/604.1"
114.119.154.189 - - [12/May/2026:14:04:22 +0000] "GET /amcad_User_ci4/vendor/predis/predis/src/Command/Traits/To/ HTTP/1.1" 404 - "http://www.jayblues.in/amcad_User_ci4/vendor/predis/predis/src/Command/Traits/" "Mozilla/5.0 (Linux; Android 7.0;) AppleWebKit/537.36 (HTML, like Gecko) Mobile Safari/537.36 (compatible; PetalBot;+https://webmaster.petalsearch.com/site/petalbot)"
114.119.134.95 - - [12/May/2026:14:08:40 +0000] "GET /gtracERP_1/ HTTP/1.1" 301 278 "http://www.jayblues.in/?C=D%3BO%3DA" "Mozilla/5.0 (Linux; Android 7.0;) AppleWebKit/537.36 (HTML, like Gecko) Mobile Safari/537.36 (compatible; PetalBot;+https://webmaster.petalsearch.com/site/petalbot)"
114.119.134.95 - - [12/May/2026:14:08:43 +0000] "GET /gtracERP_1/ HTTP/1.1" 200 8862 "http://www.jayblues.in/?C=D%3BO%3DA" "Mozilla/5.0 (Linux; Android 7.0;) AppleWebKit/537.36 (HTML, like Gecko) Mobile Safari/537.36 (compatible; PetalBot;+https://webmaster.petalsearch.com/site/petalbot)"
114.119.155.200 - - [12/May/2026:14:14:36 +0000] "GET /fonts/readme.txt HTTP/1.1" 200 26 "http://www.jayblues.in/fonts/?C=S%3BO%3DA" "Mozilla/5.0 (Linux; Android 7.0;) AppleWebKit/537.36 (HTML, like Gecko) Mobile Safari/537.36 (compatible; PetalBot;+https://webmaster.petalsearch.com/site/petalbot)"
168.138.172.235 - - [12/May/2026:14:16:29 +0000] "GET / HTTP/1.1" 200 10073 "-" "Mozilla/5.0 (compatible; WP-Safe-Scanner/1.0)"
114.119.128.253 - - [12/May/2026:14:18:23 +0000] "GET /View_Paker-8-3-21/PHPExcel/Writer/Excel5/BIFFwriter.php HTTP/1.1" 404 - "http://www.jayblues.in/View_Paker-8-3-21/PHPExcel/Writer/Excel5/BIFFwriter.php" "Mozilla/5.0 (Linux; Android 7.0;) AppleWebKit/537.36 (HTML, like Gecko) Mobile Safari/537.36 (compatible; PetalBot;+https://webmaster.petalsearch.com/site/petalbot)"
185.191.171.19 - - [12/May/2026:14:18:34 +0000] "GET /MMG/PHPExcel/Chart/helps.php HTTP/1.1" 200 - "-" "Mozilla/5.0 (compatible; SemrushBot/7~bl; +http://www.semrush.com/bot.html)"
114.119.131.93 - - [12/May/2026:14:20:24 +0000] "GET /View_Paker-10-3-21/PHPExcel/Writer/Excel2007/Chart.php HTTP/1.1" 404 - "-" "Mozilla/5.0 (Linux; Android 7.0;) AppleWebKit/537.36 (KHTML, like Gecko) Mobile Safari/537.36 (compatible; PetalBot;+https://webmaster.petalsearch.com/site/petalbot)"
114.119.154.189 - - [12/May/2026:14:21:09 +0000] "GET /View_Paker-10-3-21/PHPExcel/Worksheet/AutoFilter/Column/Rule.php HTTP/1.1" 404 - "http://www.jayblues.in/View_Paker-10-3-21/PHPExcel/Worksheet/AutoFilter/Column/Rule.php" "Mozilla/5.0 (Linux; Android 7.0;) AppleWebKit/537.36 (HTML, like Gecko) Mobile Safari/537.36 (compatible; PetalBot;+https://webmaster.petalsearch.com/site/petalbot)"
216.244.66.245 - - [12/May/2026:14:21:35 +0000] "GET /robots.txt HTTP/1.1" 404 - "-" "Mozilla/5.0 (compatible; DotBot/1.2; +https://opensiteexplorer.org/dotbot; help@moz.com)"
114.119.134.95 - - [12/May/2026:14:22:33 +0000] "GET /MMG_Trends/PHPExcel/locale/pt?C=S%3BO%3DA HTTP/1.1" 404 - "http://www.jayblues.in/MMG_Trends/PHPExcel/locale/pt?C=S%3BO%3DA" "Mozilla/5.0 (Linux; Android 7.0;) AppleWebKit/537.36 (HTML, like Gecko) Mobile Safari/537.36 (compatible; PetalBot;+https://webmaster.petalsearch.com/site/petalbot)"
216.244.66.245 - - [12/May/2026:14:25:17 +0000] "GET /MMG/PHPExcel/Chart/Renderer/jpgraph.php HTTP/1.1" 500 - "-" "Mozilla/5.0 (compatible; DotBot/1.2; +https://opensiteexplorer.org/dotbot; help@moz.com)"
114.119.131.93 - - [12/May/2026:14:26:42 +0000] "GET /MMG_Trends/PHPExcel/Writer/Excel2007/RelsRibbon.php HTTP/1.1" 404 - "http://www.jayblues.in/MMG_Trends/PHPExcel/Writer/Excel2007/RelsRibbon.php" "Mozilla/5.0 (Linux; Android 7.0;) AppleWebKit/537.36 (HTML, like Gecko) Mobile Safari/537.36 (compatible; PetalBot;+https://webmaster.petalsearch.com/site/petalbot)"
114.119.155.200 - - [12/May/2026:14:28:05 +0000] "GET /MMG/PHPExcel/locale/pt/br/functions HTTP/1.1" 200 31738 "http://www.jayblues.in/MMG/PHPExcel/locale/pt/br/?C=M%3BO%3DA" "Mozilla/5.0 (Linux; Android 7.0;) AppleWebKit/537.36 (HTML, like Gecko) Mobile Safari/537.36 (compatible; PetalBot;+https://webmaster.petalsearch.com/site/petalbot)"
114.119.131.93 - - [12/May/2026:14:29:28 +0000] "GET /MMG/PHPExcel/locale/no/functions HTTP/1.1" 200 32626 "http://www.jayblues.in/MMG/PHPExcel/locale/no?C=S%3BO%3DA" "Mozilla/5.0 (Linux; Android 7.0;) AppleWebKit/537.36 (HTML, like Gecko) Mobile Safari/537.36 (compatible; PetalBot;+https://webmaster.petalsearch.com/site/petalbot)"
114.119.155.200 - - [12/May/2026:14:30:45 +0000] "GET /MMG/PHPExcel/locale/fr/ HTTP/1.1" 200 1040 "http://www.jayblues.in/MMG/PHPExcel/locale/?C=S%3BO%3DA" "Mozilla/5.0 (Linux; Android 7.0;) AppleWebKit/537.36 (KHTML, like Gecko) Mobile Safari/537.36 (compatible; PetalBot;+https://webmaster.petalsearch.com/site/petalbot)"
216.244.66.245 - - [12/May/2026:14:30:58 +0000] "GET /MMG/PHPExcel/Writer/?C=S;O=D HTTP/1.1" 200 2979 "-" "Mozilla/5.0 (compatible; DotBot/1.2; +https://opensiteexplorer.org/dotbot; help@moz.com)"
143.20.81.224 - - [12/May/2026:14:32:36 +0000] "GET /medusys_staging/public/assets/images1/health%20heart.png HTTP/1.1" 200 150892 "http://jayblues.in/" "Mozilla/5.0 (Windows NT 10.0; Win64; x64) AppleWebKit/537.36 (KHTML, like Gecko) Chrome/116.0.0.0 Safari/537.36"
114.119.155.200 - - [12/May/2026:14:49:05 +0000] "GET /fonts/fontawesome-webfont.eot HTTP/1.1" 200 68875 "http://www.jayblues.in/fonts/?C=S%3BO%3DA" "Mozilla/5.0 (Linux; Android 7.0;) AppleWebKit/537.36 (HTML, like Gecko) Mobile Safari/537.36 (compatible; PetalBot;+https://webmaster.petalsearch.com/site/petalbot)"
114.119.135.196 - - [12/May/2026:14:50:31 +0000] "GET /fonts/FontAwesome.otf HTTP/1.1" 200 106260 "http://www.jayblues.in/fonts/?C=S%3BO%3DA" "Mozilla/5.0 (Linux; Android 7.0;) AppleWebKit/537.36 (HTML, like Gecko) Mobile Safari/537.36 (compatible; PetalBot;+https://webmaster.petalsearch.com/site/petalbot)"
114.119.155.200 - - [12/May/2026:14:53:21 +0000] "GET /amcad_User_ci4/vendor/predis/predis/src/Command/Redis/ZCOUNT.php HTTP/1.1" 404 - "http://www.jayblues.in/amcad_User_ci4/vendor/predis/predis/src/Command/Redis/" "Mozilla/5.0 (Linux; Android 7.0;) AppleWebKit/537.36 (HTML, like Gecko) Mobile Safari/537.36 (compatible; PetalBot;+https://webmaster.petalsearch.com/site/petalbot)"
114.119.134.95 - - [12/May/2026:14:54:41 +0000] "GET /View_Paker_old/PHPExcel/locale/en/uk?C=S%3BO%3DA HTTP/1.1" 404 - "http://www.jayblues.in/View_Paker_old/PHPExcel/locale/en/uk?C=S%3BO%3DA" "Mozilla/5.0 (Linux; Android 7.0;) AppleWebKit/537.36 (HTML, like Gecko) Mobile Safari/537.36 (compatible; PetalBot;+https://webmaster.petalsearch.com/site/petalbot)"
114.119.155.200 - - [12/May/2026:14:56:04 +0000] "GET /View_Paker_old/PHPExcel/Style/Fill.php HTTP/1.1" 404 - "http://www.jayblues.in/View_Paker_old/PHPExcel/Style/Fill.php" "Mozilla/5.0 (Linux; Android 7.0;) AppleWebKit/537.36 (HTML, like Gecko) Mobile Safari/537.36 (compatible; PetalBot;+https://webmaster.petalsearch.com/site/petalbot)"
114.119.148.60 - - [12/May/2026:14:57:28 +0000] "GET /View_Paker_old/PHPExcel/Shared/OLERead.php HTTP/1.1" 404 - "http://www.jayblues.in/View_Paker_old/PHPExcel/Shared/OLERead.php" "Mozilla/5.0 (Linux; Android 7.0;) AppleWebKit/537.36 (HTML, like Gecko) Mobile Safari/537.36 (compatible; PetalBot;+https://webmaster.petalsearch.com/site/petalbot)"
114.119.155.200 - - [12/May/2026:14:58:54 +0000] "GET /View_Paker/PHPExcel/locale/bg HTTP/1.1" 404 - "http://www.jayblues.in/View_Paker/PHPExcel/locale/bg" "Mozilla/5.0 (Linux; Android 7.0;) AppleWebKit/537.36 (HTML, like Gecko) Mobile Safari/537.36 (compatible; PetalBot;+https://webmaster.petalsearch.com/site/petalbot)"
114.119.128.253 - - [12/May/2026:15:01:27 +0000] "GET /View_Paker/PHPExcel/Shared/?C=D%3BO%3DA HTTP/1.1" 404 - "-" "Mozilla/5.0 (Linux; Android 7.0;) AppleWebKit/537.36 (KHTML, like Gecko) Mobile Safari/537.36 (compatible; PetalBot;+https://webmaster.petalsearch.com/site/petalbot)"
114.119.155.200 - - [12/May/2026:15:02:59 +0000] "GET /View_Paker-8-3-21/PHPExcel/Shared/trend/bestFitClass.php HTTP/1.1" 404 - "http://www.jayblues.in/View_Paker-8-3-21/PHPExcel/Shared/trend/bestFitClass.php" "Mozilla/5.0 (Linux; Android 7.0;) AppleWebKit/537.36 (HTML, like Gecko) Mobile Safari/537.36 (compatible; PetalBot;+https://webmaster.petalsearch.com/site/petalbot)"
159.65.216.154 - - [12/May/2026:15:04:21 +0000] "GET /gtrac/Image/Hiring%20Partners.PNG HTTP/1.1" 200 1344 "http://jayblues.in/" "Mozilla/5.0 (Windows NT 10.0; Win64; x64) AppleWebKit/537.36 (KHTML, like Gecko) Chrome/110.0.0.0 Safari/537.36"
114.119.154.189 - - [12/May/2026:15:04:26 +0000] "GET /View_Paker-8-3-21/PHPExcel/CalcEngine/CyclicReferenceStack.php HTTP/1.1" 404 - "http://www.jayblues.in/View_Paker-8-3-21/PHPExcel/CalcEngine/CyclicReferenceStack.php" "Mozilla/5.0 (Linux; Android 7.0;) AppleWebKit/537.36 (HTML, like Gecko) Mobile Safari/537.36 (compatible; PetalBot;+https://webmaster.petalsearch.com/site/petalbot)"
14.224.57.232 - - [12/May/2026:15:04:31 +0000] "GET http://jayblues.in/gtrac/Image/Hiring%20Partners.PNG HTTP/1.1" 200 1344 "http://jayblues.in/" "Mozilla/5.0 (Windows NT 10.0; Win64; x64) AppleWebKit/537.36 (KHTML, like Gecko) Chrome/110.0.0.0 Safari/537.36"
216.244.66.245 - - [12/May/2026:15:05:34 +0000] "GET /robots.txt HTTP/1.1" 404 - "-" "Mozilla/5.0 (compatible; DotBot/1.2; +https://opensiteexplorer.org/dotbot; help@moz.com)"
114.119.137.28 - - [12/May/2026:15:05:50 +0000] "GET /View_Paker-8-3-21/PHPExcel/CachedObjectStorage/Wincache.php HTTP/1.1" 404 - "http://www.jayblues.in/View_Paker-8-3-21/PHPExcel/CachedObjectStorage/Wincache.php" "Mozilla/5.0 (Linux; Android 7.0;) AppleWebKit/537.36 (HTML, like Gecko) Mobile Safari/537.36 (compatible; PetalBot;+https://webmaster.petalsearch.com/site/petalbot)"
114.119.131.93 - - [12/May/2026:15:07:10 +0000] "GET /View_Paker-10-3-21/PHPExcel/locale/hu/functions HTTP/1.1" 404 - "http://www.jayblues.in/View_Paker-10-3-21/PHPExcel/locale/hu/functions" "Mozilla/5.0 (Linux; Android 7.0;) AppleWebKit/537.36 (HTML, like Gecko) Mobile Safari/537.36 (compatible; PetalBot;+https://webmaster.petalsearch.com/site/petalbot)"
216.244.66.245 - - [12/May/2026:15:07:47 +0000] "GET /jbidding/ HTTP/1.1" 301 277 "-" "Mozilla/5.0 (compatible; DotBot/1.2; +https://opensiteexplorer.org/dotbot; help@moz.com)"
114.119.154.189 - - [12/May/2026:15:08:34 +0000] "GET /View_Paker-10-3-21/PHPExcel/locale/es?C=D%3BO%3DA HTTP/1.1" 404 - "http://www.jayblues.in/View_Paker-10-3-21/PHPExcel/locale/es?C=D%3BO%3DA" "Mozilla/5.0 (Linux; Android 7.0;) AppleWebKit/537.36 (HTML, like Gecko) Mobile Safari/537.36 (compatible; PetalBot;+https://webmaster.petalsearch.com/site/petalbot)"
216.244.66.245 - - [12/May/2026:15:09:37 +0000] "GET /MMG/PHPExcel/Chart/Renderer/?C=M;O=A HTTP/1.1" 200 1078 "-" "Mozilla/5.0 (compatible; DotBot/1.2; +https://opensiteexplorer.org/dotbot; help@moz.com)"
216.244.66.245 - - [12/May/2026:15:09:41 +0000] "GET /MMG/PHPExcel/locale/de/?C=D;O=A HTTP/1.1" 200 1040 "-" "Mozilla/5.0 (compatible; DotBot/1.2; +https://opensiteexplorer.org/dotbot; help@moz.com)"
114.119.134.95 - - [12/May/2026:15:09:58 +0000] "GET /View_Paker-10-3-21/PHPExcel/Writer/Excel5/Font.php HTTP/1.1" 404 - "http://www.jayblues.in/View_Paker-10-3-21/PHPExcel/Writer/Excel5/Font.php" "Mozilla/5.0 (Linux; Android 7.0;) AppleWebKit/537.36 (HTML, like Gecko) Mobile Safari/537.36 (compatible; PetalBot;+https://webmaster.petalsearch.com/site/petalbot)"
114.119.137.28 - - [12/May/2026:15:12:52 +0000] "GET /View_Paker-10-3-21/PHPExcel/Style.php HTTP/1.1" 404 - "http://www.jayblues.in/View_Paker-10-3-21/PHPExcel/Style.php" "Mozilla/5.0 (Linux; Android 7.0;) AppleWebKit/537.36 (HTML, like Gecko) Mobile Safari/537.36 (compatible; PetalBot;+https://webmaster.petalsearch.com/site/petalbot)"
114.119.128.253 - - [12/May/2026:15:15:34 +0000] "GET /Talent_Grid/ HTTP/1.1" 200 56764 "http://www.jayblues.in/?C=D%3BO%3DA" "Mozilla/5.0 (Linux; Android 7.0;) AppleWebKit/537.36 (HTML, like Gecko) Mobile Safari/537.36 (compatible; PetalBot;+https://webmaster.petalsearch.com/site/petalbot)"
167.148.117.245 - - [12/May/2026:15:16:36 +0000] "GET /gtrac/Image/Cloud%20Computing_slider_new.jpg HTTP/1.1" 200 325924 "http://jayblues.in/" "Mozilla/5.0 (Windows NT 10.0; Win64; x64) AppleWebKit/537.36 (KHTML, like Gecko) Chrome/103.0.0.0 Safari/537.36"
43.173.180.10 - - [12/May/2026:15:17:57 +0000] "GET /gtrac/pythonOnline.html HTTP/1.1" 200 66798 "-" "Mozilla/5.0 (Windows NT 10.0; Win64; x64) AppleWebKit/537.36 (KHTML, like Gecko) Chrome/133.0.0.0 Safari/537.36"
43.173.174.47 - - [12/May/2026:15:17:57 +0000] "GET /gtrac/css/bootstrap.min.css HTTP/1.1" 200 162264 "http://jayblues.in/gtrac/pythonOnline.html" "Mozilla/5.0 (Windows NT 10.0; Win64; x64) AppleWebKit/537.36 (KHTML, like Gecko) Chrome/133.0.0.0 Safari/537.36"
43.172.195.129 - - [12/May/2026:15:17:57 +0000] "GET /gtrac/css/font-awesome.min.css HTTP/1.1" 200 31000 "http://jayblues.in/gtrac/pythonOnline.html" "Mozilla/5.0 (Windows NT 10.0; Win64; x64) AppleWebKit/537.36 (KHTML, like Gecko) Chrome/133.0.0.0 Safari/537.36"
43.173.181.67 - - [12/May/2026:15:17:58 +0000] "GET /gtrac/fonts/fontawesome-webfont.woff2?v=4.7.0 HTTP/1.1" 200 77160 "http://jayblues.in/gtrac/css/font-awesome.min.css" "Mozilla/5.0 (Windows NT 10.0; Win64; x64) AppleWebKit/537.36 (KHTML, like Gecko) Chrome/133.0.0.0 Safari/537.36"
43.173.178.151 - - [12/May/2026:15:22:01 +0000] "GET /gtrac/placement.html HTTP/1.1" 200 34963 "-" "Mozilla/5.0 (Windows NT 10.0; Win64; x64) AppleWebKit/537.36 (KHTML, like Gecko) Chrome/116.0.0.0 Safari/537.36"
43.173.176.44 - - [12/May/2026:15:22:01 +0000] "GET /gtrac/css/placement.css HTTP/1.1" 200 8062 "http://jayblues.in/gtrac/placement.html" "Mozilla/5.0 (Windows NT 10.0; Win64; x64) AppleWebKit/537.36 (KHTML, like Gecko) Chrome/116.0.0.0 Safari/537.36"
51.195.244.38 - - [12/May/2026:15:27:56 +0000] "GET /robots.txt HTTP/1.1" 404 - "-" "Mozilla/5.0 (compatible; AhrefsBot/7.0; +http://ahrefs.com/robot/)"
167.114.139.135 - - [12/May/2026:15:27:58 +0000] "GET /images/gallery/ajax.php HTTP/1.1" 200 1 "-" "Mozilla/5.0 (compatible; AhrefsBot/7.0; +http://ahrefs.com/robot/)"
85.208.96.212 - - [12/May/2026:15:28:45 +0000] "GET /MMG/ajax.php HTTP/1.1" 200 - "-" "Mozilla/5.0 (compatible; SemrushBot/7~bl; +http://www.semrush.com/bot.html)"
114.119.148.60 - - [12/May/2026:15:36:26 +0000] "GET /jshfacility/about.html HTTP/1.1" 200 8974 "http://www.jayblues.in/jshfacility/" "Mozilla/5.0 (Linux; Android 7.0;) AppleWebKit/537.36 (HTML, like Gecko) Mobile Safari/537.36 (compatible; PetalBot;+https://webmaster.petalsearch.com/site/petalbot)"
43.164.190.124 - - [12/May/2026:15:37:10 +0000] "GET / HTTP/1.1" 200 10073 "-" "Mozilla/5.0 (iPhone; CPU iPhone OS 13_2_3 like Mac OS X) AppleWebKit/605.1.15 (KHTML, like Gecko) Version/13.0.3 Mobile/15E148 Safari/604.1"
114.119.131.93 - - [12/May/2026:15:47:39 +0000] "GET /images/gallery/other%20image%203.jfif HTTP/1.1" 200 245178 "http://www.jayblues.in/images/gallery/?C=D%3BO%3DA" "Mozilla/5.0 (Linux; Android 7.0;) AppleWebKit/537.36 (HTML, like Gecko) Mobile Safari/537.36 (compatible; PetalBot;+https://webmaster.petalsearch.com/site/petalbot)"
114.119.135.196 - - [12/May/2026:15:49:01 +0000] "GET /fonts/lg.eot HTTP/1.1" 200 2760 "http://www.jayblues.in/fonts/?C=S%3BO%3DA" "Mozilla/5.0 (Linux; Android 7.0;) AppleWebKit/537.36 (HTML, like Gecko) Mobile Safari/537.36 (compatible; PetalBot;+https://webmaster.petalsearch.com/site/petalbot)"
114.119.134.95 - - [12/May/2026:15:50:29 +0000] "GET /fonts/glyphicons-halflings-regular.woff2 HTTP/1.1" 200 18028 "http://www.jayblues.in/fonts/?C=S%3BO%3DA" "Mozilla/5.0 (Linux; Android 7.0;) AppleWebKit/537.36 (HTML, like Gecko) Mobile Safari/537.36 (compatible; PetalBot;+https://webmaster.petalsearch.com/site/petalbot)"
114.119.134.95 - - [12/May/2026:15:51:50 +0000] "GET /fonts/glyphicons-halflings-regular.ttf HTTP/1.1" 200 45404 "http://www.jayblues.in/fonts/?C=S%3BO%3DA" "Mozilla/5.0 (Linux; Android 7.0;) AppleWebKit/537.36 (HTML, like Gecko) Mobile Safari/537.36 (compatible; PetalBot;+https://webmaster.petalsearch.com/site/petalbot)"
173.252.82.2 - - [12/May/2026:15:53:19 +0000] "GET /robots.txt HTTP/1.1" 404 - "-" "facebookexternalhit/1.1 (+http://www.facebook.com/externalhit_uatext.php)"
114.119.148.60 - - [12/May/2026:15:53:33 +0000] "GET /css/main.css HTTP/1.1" 200 8803 "http://www.jayblues.in/css/?C=N%3BO%3DD" "Mozilla/5.0 (Linux; Android 7.0;) AppleWebKit/537.36 (HTML, like Gecko) Mobile Safari/537.36 (compatible; PetalBot;+https://webmaster.petalsearch.com/site/petalbot)"
114.119.134.95 - - [12/May/2026:15:54:34 +0000] "GET /css/innerpages.css HTTP/1.1" 200 6353 "http://www.jayblues.in/css/?C=N%3BO%3DD" "Mozilla/5.0 (Linux; Android 7.0;) AppleWebKit/537.36 (HTML, like Gecko) Mobile Safari/537.36 (compatible; PetalBot;+https://webmaster.petalsearch.com/site/petalbot)"
114.119.135.196 - - [12/May/2026:15:56:00 +0000] "GET /aswiniagrotech24/mushroom-casing.html HTTP/1.1" 200 9165 "http://www.jayblues.in/aswiniagrotech24/grow-bags.html" "Mozilla/5.0 (Linux; Android 7.0;) AppleWebKit/537.36 (HTML, like Gecko) Mobile Safari/537.36 (compatible; PetalBot;+https://webmaster.petalsearch.com/site/petalbot)"
114.119.155.200 - - [12/May/2026:16:00:11 +0000] "GET /amcad_User_final_1/vendor/bin/phpunit.bat HTTP/1.1" 404 - "http://www.jayblues.in/amcad_User_final_1/vendor/bin/?C=N%3BO%3DD" "Mozilla/5.0 (Linux; Android 7.0;) AppleWebKit/537.36 (HTML, like Gecko) Mobile Safari/537.36 (compatible; PetalBot;+https://webmaster.petalsearch.com/site/petalbot)"
114.119.154.189 - - [12/May/2026:16:08:38 +0000] "GET /jayblues.in/testing/?C=N%3BO%3DD HTTP/1.1" 200 1028 "http://www.jayblues.in/jayblues.in/testing/?C=S%3BO%3DA" "Mozilla/5.0 (Linux; Android 7.0;) AppleWebKit/537.36 (HTML, like Gecko) Mobile Safari/537.36 (compatible; PetalBot;+https://webmaster.petalsearch.com/site/petalbot)"
114.119.128.253 - - [12/May/2026:16:10:15 +0000] "GET /aswiniagrotech24/galery.html HTTP/1.1" 200 12034 "http://www.jayblues.in/aswiniagrotech24/grow-bags.html" "Mozilla/5.0 (Linux; Android 7.0;) AppleWebKit/537.36 (HTML, like Gecko) Mobile Safari/537.36 (compatible; PetalBot;+https://webmaster.petalsearch.com/site/petalbot)"
114.119.155.200 - - [12/May/2026:16:11:19 +0000] "GET /amcad_User_final_1/vendor/mikey179/vfsstream/src/main/php/org/bovigo/vfs/visitor/vfsStreamPrintVisitor.php HTTP/1.1" 404 - "http://www.jayblues.in/amcad_User_final_1/vendor/mikey179/vfsstream/src/main/php/org/bovigo/vfs/visitor/?C=M%3BO%3DA" "Mozilla/5.0 (Linux; Android 7.0;) AppleWebKit/537.36 (HTML, like Gecko) Mobile Safari/537.36 (compatible; PetalBot;+https://webmaster.petalsearch.com/site/petalbot)"
47.84.160.142 - - [12/May/2026:16:11:22 +0000] "GET /bindu/public/assets/images/odt-honda-amaze-sedan-oneday-travel%201.png HTTP/1.1" 200 34918 "-" "Mozilla/5.0 (Macintosh; Intel Mac OS X 10_15_7) AppleWebKit/537.36 (KHTML, like Gecko) Chrome/147.0.0.0 Safari/537.36"
114.119.148.60 - - [12/May/2026:16:12:45 +0000] "GET /amcad_User_final_1/vendor/bin/php-cs-fixer.bat HTTP/1.1" 404 - "http://www.jayblues.in/amcad_User_final_1/vendor/bin/?C=N%3BO%3DD" "Mozilla/5.0 (Linux; Android 7.0;) AppleWebKit/537.36 (HTML, like Gecko) Mobile Safari/537.36 (compatible; PetalBot;+https://webmaster.petalsearch.com/site/petalbot)"
114.119.148.60 - - [12/May/2026:16:15:31 +0000] "GET /amcad_User_ci4/vendor/predis/predis/src/Command/Redis/MSETNX.php HTTP/1.1" 404 - "http://www.jayblues.in/amcad_User_ci4/vendor/predis/predis/src/Command/Redis/" "Mozilla/5.0 (Linux; Android 7.0;) AppleWebKit/537.36 (HTML, like Gecko) Mobile Safari/537.36 (compatible; PetalBot;+https://webmaster.petalsearch.com/site/petalbot)"
114.119.137.28 - - [12/May/2026:16:16:56 +0000] "GET /View_Paker_old/PHPExcel/Calculation.php HTTP/1.1" 404 - "http://www.jayblues.in/View_Paker_old/PHPExcel/Calculation.php" "Mozilla/5.0 (Linux; Android 7.0;) AppleWebKit/537.36 (HTML, like Gecko) Mobile Safari/537.36 (compatible; PetalBot;+https://webmaster.petalsearch.com/site/petalbot)"
114.119.154.189 - - [12/May/2026:16:18:18 +0000] "GET /View_Paker/PHPExcel/locale/pt/?C=N%3BO%3DD HTTP/1.1" 404 - "http://www.jayblues.in/View_Paker/PHPExcel/locale/pt/?C=N%3BO%3DD" "Mozilla/5.0 (Linux; Android 7.0;) AppleWebKit/537.36 (HTML, like Gecko) Mobile Safari/537.36 (compatible; PetalBot;+https://webmaster.petalsearch.com/site/petalbot)"
114.119.134.95 - - [12/May/2026:16:19:40 +0000] "GET /View_Paker/PHPExcel/locale/no/?C=M%3BO%3DA HTTP/1.1" 404 - "http://www.jayblues.in/View_Paker/PHPExcel/locale/no/?C=M%3BO%3DA" "Mozilla/5.0 (Linux; Android 7.0;) AppleWebKit/537.36 (HTML, like Gecko) Mobile Safari/537.36 (compatible; PetalBot;+https://webmaster.petalsearch.com/site/petalbot)"
114.119.154.189 - - [12/May/2026:16:21:07 +0000] "GET /View_Paker/PHPExcel/locale/it/ HTTP/1.1" 404 - "http://www.jayblues.in/View_Paker/PHPExcel/locale/it/" "Mozilla/5.0 (Linux; Android 7.0;) AppleWebKit/537.36 (HTML, like Gecko) Mobile Safari/537.36 (compatible; PetalBot;+https://webmaster.petalsearch.com/site/petalbot)"
114.119.155.200 - - [12/May/2026:16:22:30 +0000] "GET /View_Paker/PHPExcel/Writer/Excel5/Font.php HTTP/1.1" 404 - "http://www.jayblues.in/View_Paker/PHPExcel/Writer/Excel5/Font.php" "Mozilla/5.0 (Linux; Android 7.0;) AppleWebKit/537.36 (HTML, like Gecko) Mobile Safari/537.36 (compatible; PetalBot;+https://webmaster.petalsearch.com/site/petalbot)"
114.119.134.95 - - [12/May/2026:16:32:20 +0000] "GET /View_Paker/PHPExcel/Shared/Escher/DggContainer HTTP/1.1" 404 - "http://www.jayblues.in/View_Paker/PHPExcel/Shared/Escher/DggContainer" "Mozilla/5.0 (Linux; Android 7.0;) AppleWebKit/537.36 (HTML, like Gecko) Mobile Safari/537.36 (compatible; PetalBot;+https://webmaster.petalsearch.com/site/petalbot)"
114.119.155.200 - - [12/May/2026:16:33:39 +0000] "GET /View_Paker/PHPExcel/RichText/Run.php HTTP/1.1" 404 - "http://www.jayblues.in/View_Paker/PHPExcel/RichText/Run.php" "Mozilla/5.0 (Linux; Android 7.0;) AppleWebKit/537.36 (HTML, like Gecko) Mobile Safari/537.36 (compatible; PetalBot;+https://webmaster.petalsearch.com/site/petalbot)"
216.244.66.245 - - [12/May/2026:16:33:49 +0000] "GET /robots.txt HTTP/1.1" 404 - "-" "Mozilla/5.0 (compatible; DotBot/1.2; +https://opensiteexplorer.org/dotbot; help@moz.com)"
114.119.134.95 - - [12/May/2026:16:36:29 +0000] "GET /View_Paker-8-3-21/rest HTTP/1.1" 404 - "http://www.jayblues.in/View_Paker-8-3-21/rest" "Mozilla/5.0 (Linux; Android 7.0;) AppleWebKit/537.36 (HTML, like Gecko) Mobile Safari/537.36 (compatible; PetalBot;+https://webmaster.petalsearch.com/site/petalbot)"
216.244.66.245 - - [12/May/2026:16:37:15 +0000] "GET /MMG/PHPExcel/Shared/OLE.php HTTP/1.1" 500 - "-" "Mozilla/5.0 (compatible; DotBot/1.2; +https://opensiteexplorer.org/dotbot; help@moz.com)"
216.244.66.245 - - [12/May/2026:16:38:08 +0000] "GET /MMG/PHPExcel/Reader/Excel2007/?C=N;O=A HTTP/1.1" 200 1057 "-" "Mozilla/5.0 (compatible; DotBot/1.2; +https://opensiteexplorer.org/dotbot; help@moz.com)"
114.119.134.95 - - [12/May/2026:16:39:16 +0000] "GET /View_Paker-8-3-21/PHPExcel/Writer/PDF.php HTTP/1.1" 404 - "http://www.jayblues.in/View_Paker-8-3-21/PHPExcel/Writer/PDF.php" "Mozilla/5.0 (Linux; Android 7.0;) AppleWebKit/537.36 (HTML, like Gecko) Mobile Safari/537.36 (compatible; PetalBot;+https://webmaster.petalsearch.com/site/petalbot)"
114.119.154.189 - - [12/May/2026:16:40:40 +0000] "GET /View_Paker-8-3-21/PHPExcel/Writer/Excel2007/Workbook.php HTTP/1.1" 404 - "http://www.jayblues.in/View_Paker-8-3-21/PHPExcel/Writer/Excel2007/Workbook.php" "Mozilla/5.0 (Linux; Android 7.0;) AppleWebKit/537.36 (HTML, like Gecko) Mobile Safari/537.36 (compatible; PetalBot;+https://webmaster.petalsearch.com/site/petalbot)"
216.244.66.245 - - [12/May/2026:16:40:57 +0000] "GET /MMG/PHPExcel/locale/cs/?C=N;O=D HTTP/1.1" 200 1040 "-" "Mozilla/5.0 (compatible; DotBot/1.2; +https://opensiteexplorer.org/dotbot; help@moz.com)"
114.119.154.189 - - [12/May/2026:16:42:41 +0000] "GET /View_Paker-8-3-21/PHPExcel/Shared/OLE/PPS.php HTTP/1.1" 404 - "-" "Mozilla/5.0 (Linux; Android 7.0;) AppleWebKit/537.36 (KHTML, like Gecko) Mobile Safari/537.36 (compatible; PetalBot;+https://webmaster.petalsearch.com/site/petalbot)"
114.119.137.28 - - [12/May/2026:16:43:27 +0000] "GET /View_Paker-8-3-21/PHPExcel/Cell/DataValidation.php HTTP/1.1" 404 - "http://www.jayblues.in/View_Paker-8-3-21/PHPExcel/Cell/DataValidation.php" "Mozilla/5.0 (Linux; Android 7.0;) AppleWebKit/537.36 (HTML, like Gecko) Mobile Safari/537.36 (compatible; PetalBot;+https://webmaster.petalsearch.com/site/petalbot)"
114.119.131.93 - - [12/May/2026:16:44:52 +0000] "GET /View_Paker-8-3-21/PHPExcel/CachedObjectStorage/SQLite.php HTTP/1.1" 404 - "http://www.jayblues.in/View_Paker-8-3-21/PHPExcel/CachedObjectStorage/SQLite.php" "Mozilla/5.0 (Linux; Android 7.0;) AppleWebKit/537.36 (HTML, like Gecko) Mobile Safari/537.36 (compatible; PetalBot;+https://webmaster.petalsearch.com/site/petalbot)"
49.235.136.28 - - [12/May/2026:16:48:43 +0000] "GET / HTTP/1.1" 200 10073 "-" "Mozilla/5.0 (iPhone; CPU iPhone OS 13_2_3 like Mac OS X) AppleWebKit/605.1.15 (KHTML, like Gecko) Version/13.0.3 Mobile/15E148 Safari/604.1"
114.119.137.28 - - [12/May/2026:16:49:02 +0000] "GET /View_Paker/PHPExcel/Shared/ZipArchive.php HTTP/1.1" 404 - "http://www.jayblues.in/View_Paker/PHPExcel/Shared/ZipArchive.php" "Mozilla/5.0 (Linux; Android 7.0;) AppleWebKit/537.36 (HTML, like Gecko) Mobile Safari/537.36 (compatible; PetalBot;+https://webmaster.petalsearch.com/site/petalbot)"
114.119.137.28 - - [12/May/2026:16:50:23 +0000] "GET /View_Paker/PHPExcel/Calculation/Exception.php HTTP/1.1" 404 - "http://www.jayblues.in/View_Paker/PHPExcel/Calculation/Exception.php" "Mozilla/5.0 (Linux; Android 7.0;) AppleWebKit/537.36 (HTML, like Gecko) Mobile Safari/537.36 (compatible; PetalBot;+https://webmaster.petalsearch.com/site/petalbot)"
67.205.140.200 - - [12/May/2026:16:52:08 +0000] "GET /gtrac/Image/Cloud%20Computing_slider_new.jpg HTTP/1.1" 200 325924 "http://jayblues.in/" "Mozilla/5.0 (Windows NT 10.0; Win64; x64) AppleWebKit/537.36 (KHTML, like Gecko) Chrome/124.0.0.0 Safari/537.36"
14.188.206.52 - - [12/May/2026:16:52:22 +0000] "GET http://jayblues.in/gtrac/Image/Cloud%20Computing_slider_new.jpg HTTP/1.1" 200 325924 "http://jayblues.in/" "Mozilla/5.0 (Windows NT 10.0; Win64; x64) AppleWebKit/537.36 (KHTML, like Gecko) Chrome/124.0.0.0 Safari/537.36"
114.119.154.189 - - [12/May/2026:16:53:12 +0000] "GET /View_Paker-8-3-21/PHPExcel/locale/it?C=D%3BO%3DA HTTP/1.1" 404 - "http://www.jayblues.in/View_Paker-8-3-21/PHPExcel/locale/it?C=D%3BO%3DA" "Mozilla/5.0 (Linux; Android 7.0;) AppleWebKit/537.36 (HTML, like Gecko) Mobile Safari/537.36 (compatible; PetalBot;+https://webmaster.petalsearch.com/site/petalbot)"
114.119.148.60 - - [12/May/2026:16:54:36 +0000] "GET /View_Paker-8-3-21/PHPExcel/Writer/PDF?C=S%3BO%3DA HTTP/1.1" 404 - "http://www.jayblues.in/View_Paker-8-3-21/PHPExcel/Writer/PDF?C=S%3BO%3DA" "Mozilla/5.0 (Linux; Android 7.0;) AppleWebKit/537.36 (HTML, like Gecko) Mobile Safari/537.36 (compatible; PetalBot;+https://webmaster.petalsearch.com/site/petalbot)"
114.119.134.95 - - [12/May/2026:16:57:23 +0000] "GET /View_Paker-10-3-21/PHPExcel/locale/da/config HTTP/1.1" 404 - "http://www.jayblues.in/View_Paker-10-3-21/PHPExcel/locale/da/config" "Mozilla/5.0 (Linux; Android 7.0;) AppleWebKit/537.36 (HTML, like Gecko) Mobile Safari/537.36 (compatible; PetalBot;+https://webmaster.petalsearch.com/site/petalbot)"
100.26.66.245 - - [12/May/2026:17:00:20 +0000] "GET /robots.txt HTTP/1.1" 404 - "-" "Mozilla/5.0 (Macintosh; Intel Mac OS X 10_10_1) AppleWebKit/600.2.5 (KHTML, like Gecko) Version/8.0.2 Safari/600.2.5 (Gort)"
114.119.135.196 - - [12/May/2026:17:01:51 +0000] "GET /View_Paker-10-3-21/PHPExcel/Cell/AdvancedValueBinder.php HTTP/1.1" 404 - "http://www.jayblues.in/View_Paker-10-3-21/PHPExcel/Cell/AdvancedValueBinder.php" "Mozilla/5.0 (Linux; Android 7.0;) AppleWebKit/537.36 (HTML, like Gecko) Mobile Safari/537.36 (compatible; PetalBot;+https://webmaster.petalsearch.com/site/petalbot)"
114.119.137.28 - - [12/May/2026:17:02:59 +0000] "GET /Skill_Matrix/ HTTP/1.1" 301 280 "http://www.jayblues.in/?C=D%3BO%3DA" "Mozilla/5.0 (Linux; Android 7.0;) AppleWebKit/537.36 (HTML, like Gecko) Mobile Safari/537.36 (compatible; PetalBot;+https://webmaster.petalsearch.com/site/petalbot)"
114.119.137.28 - - [12/May/2026:17:02:59 +0000] "GET /Skill_Matrix/ HTTP/1.1" 200 8918 "http://www.jayblues.in/?C=D%3BO%3DA" "Mozilla/5.0 (Linux; Android 7.0;) AppleWebKit/537.36 (HTML, like Gecko) Mobile Safari/537.36 (compatible; PetalBot;+https://webmaster.petalsearch.com/site/petalbot)"
114.119.128.253 - - [12/May/2026:17:05:51 +0000] "GET /MMG_Trends/PHPExcel/locale/sv/?C=N%3BO%3DD HTTP/1.1" 404 - "http://www.jayblues.in/MMG_Trends/PHPExcel/locale/sv/?C=N%3BO%3DD" "Mozilla/5.0 (Linux; Android 7.0;) AppleWebKit/537.36 (HTML, like Gecko) Mobile Safari/537.36 (compatible; PetalBot;+https://webmaster.petalsearch.com/site/petalbot)"
114.119.134.95 - - [12/May/2026:17:07:20 +0000] "GET /MMG_Trends/PHPExcel/locale/ru HTTP/1.1" 404 - "http://www.jayblues.in/MMG_Trends/PHPExcel/locale/ru" "Mozilla/5.0 (Linux; Android 7.0;) AppleWebKit/537.36 (HTML, like Gecko) Mobile Safari/537.36 (compatible; PetalBot;+https://webmaster.petalsearch.com/site/petalbot)"
114.119.128.253 - - [12/May/2026:17:09:59 +0000] "GET /amcad_User_ci4/vendor/predis/predis/src/Command/Redis/SET.php HTTP/1.1" 404 - "http://www.jayblues.in/amcad_User_ci4/vendor/predis/predis/src/Command/Redis/" "Mozilla/5.0 (Linux; Android 7.0;) AppleWebKit/537.36 (HTML, like Gecko) Mobile Safari/537.36 (compatible; PetalBot;+https://webmaster.petalsearch.com/site/petalbot)"
114.119.137.28 - - [12/May/2026:17:11:22 +0000] "GET /View_Paker/PHPExcel/Writer/PDF?C=S%3BO%3DA HTTP/1.1" 404 - "http://www.jayblues.in/View_Paker/PHPExcel/Writer/PDF?C=S%3BO%3DA" "Mozilla/5.0 (Linux; Android 7.0;) AppleWebKit/537.36 (HTML, like Gecko) Mobile Safari/537.36 (compatible; PetalBot;+https://webmaster.petalsearch.com/site/petalbot)"
216.244.66.245 - - [12/May/2026:17:17:58 +0000] "GET /robots.txt HTTP/1.1" 404 - "-" "Mozilla/5.0 (compatible; DotBot/1.2; +https://opensiteexplorer.org/dotbot; help@moz.com)"
114.119.155.200 - - [12/May/2026:17:19:47 +0000] "GET /Raghav/img/director_1%201.png HTTP/1.1" 404 - "http://www.jayblues.in/Raghav/our-directors.html" "Mozilla/5.0 (Linux; Android 7.0;) AppleWebKit/537.36 (HTML, like Gecko) Mobile Safari/537.36 (compatible; PetalBot;+https://webmaster.petalsearch.com/site/petalbot)"
114.119.148.60 - - [12/May/2026:17:21:08 +0000] "GET /MMG_Trends/PHPExcel/locale/pt/br/?C=S%3BO%3DA HTTP/1.1" 404 - "http://www.jayblues.in/MMG_Trends/PHPExcel/locale/pt/br/?C=S%3BO%3DA" "Mozilla/5.0 (Linux; Android 7.0;) AppleWebKit/537.36 (HTML, like Gecko) Mobile Safari/537.36 (compatible; PetalBot;+https://webmaster.petalsearch.com/site/petalbot)"
192.241.137.8 - - [12/May/2026:17:21:37 +0000] "GET /aswiniagrotech24/images/team1.jpg HTTP/1.1" 200 29695 "http://jayblues.in/" "Mozilla/5.0 (Windows NT 10.0; Win64; x64) AppleWebKit/537.36 (KHTML, like Gecko) Chrome/116.0.0.0 Safari/537.36"
216.244.66.245 - - [12/May/2026:17:21:38 +0000] "GET /MMG/PHPExcel/locale/it/functions HTTP/1.1" 200 34740 "-" "Mozilla/5.0 (compatible; DotBot/1.2; +https://opensiteexplorer.org/dotbot; help@moz.com)"
114.119.148.60 - - [12/May/2026:17:22:39 +0000] "GET /MMG_Trends/PHPExcel/locale/fi?C=D%3BO%3DA HTTP/1.1" 404 - "http://www.jayblues.in/MMG_Trends/PHPExcel/locale/fi?C=D%3BO%3DA" "Mozilla/5.0 (Linux; Android 7.0;) AppleWebKit/537.36 (HTML, like Gecko) Mobile Safari/537.36 (compatible; PetalBot;+https://webmaster.petalsearch.com/site/petalbot)"
114.119.131.93 - - [12/May/2026:17:23:54 +0000] "GET /MMG_Trends/PHPExcel/locale/de/ HTTP/1.1" 404 - "http://www.jayblues.in/MMG_Trends/PHPExcel/locale/de/" "Mozilla/5.0 (Linux; Android 7.0;) AppleWebKit/537.36 (HTML, like Gecko) Mobile Safari/537.36 (compatible; PetalBot;+https://webmaster.petalsearch.com/site/petalbot)"
114.119.135.196 - - [12/May/2026:17:25:17 +0000] "GET /MMG_Trends/PHPExcel/locale/bg?C=S%3BO%3DA HTTP/1.1" 404 - "http://www.jayblues.in/MMG_Trends/PHPExcel/locale/bg?C=S%3BO%3DA" "Mozilla/5.0 (Linux; Android 7.0;) AppleWebKit/537.36 (HTML, like Gecko) Mobile Safari/537.36 (compatible; PetalBot;+https://webmaster.petalsearch.com/site/petalbot)"
114.119.154.189 - - [12/May/2026:17:26:43 +0000] "GET /MMG_Trends/PHPExcel/locale/bg?C=M%3BO%3DA HTTP/1.1" 404 - "http://www.jayblues.in/MMG_Trends/PHPExcel/locale/bg?C=M%3BO%3DA" "Mozilla/5.0 (Linux; Android 7.0;) AppleWebKit/537.36 (HTML, like Gecko) Mobile Safari/537.36 (compatible; PetalBot;+https://webmaster.petalsearch.com/site/petalbot)"
216.244.66.245 - - [12/May/2026:17:27:42 +0000] "GET /MMG/PHPExcel/Worksheet/Drawing/?C=D;O=D HTTP/1.1" 200 886 "-" "Mozilla/5.0 (compatible; DotBot/1.2; +https://opensiteexplorer.org/dotbot; help@moz.com)"
114.119.137.28 - - [12/May/2026:17:29:30 +0000] "GET /MMG_Trends/PHPExcel/Worksheet/AutoFilter/?C=M%3BO%3DA HTTP/1.1" 404 - "http://www.jayblues.in/MMG_Trends/PHPExcel/Worksheet/AutoFilter/?C=M%3BO%3DA" "Mozilla/5.0 (Linux; Android 7.0;) AppleWebKit/537.36 (HTML, like Gecko) Mobile Safari/537.36 (compatible; PetalBot;+https://webmaster.petalsearch.com/site/petalbot)"
73.0.92.14 - - [12/May/2026:17:32:11 +0000] "GET /images/faculty_profile HTTP/1.1" 301 290 "-" "Mozilla/5.0 (Macintosh; Intel Mac OS X 10_15_7) AppleWebKit/537.36 (KHTML, like Gecko) Chrome/133.0.0.0 Safari/537.36"
51.171.154.232 - - [12/May/2026:17:32:13 +0000] "GET /images/faculty_profile/ HTTP/1.1" 200 3885 "-" "Mozilla/5.0 (Macintosh; Intel Mac OS X 10_15_7) AppleWebKit/537.36 (KHTML, like Gecko) Chrome/133.0.0.0 Safari/537.36"
114.119.155.200 - - [12/May/2026:17:32:17 +0000] "GET /View_Paker/PHPExcel.php HTTP/1.1" 404 - "http://www.jayblues.in/View_Paker/PHPExcel.php" "Mozilla/5.0 (Linux; Android 7.0;) AppleWebKit/537.36 (HTML, like Gecko) Mobile Safari/537.36 (compatible; PetalBot;+https://webmaster.petalsearch.com/site/petalbot)"
114.119.135.196 - - [12/May/2026:17:34:38 +0000] "GET /View_Paker-10-3-21/PHPExcel/locale/de?C=N%3BO%3DD HTTP/1.1" 404 - "-" "Mozilla/5.0 (Linux; Android 7.0;) AppleWebKit/537.36 (KHTML, like Gecko) Mobile Safari/537.36 (compatible; PetalBot;+https://webmaster.petalsearch.com/site/petalbot)"
77.90.185.5 - - [12/May/2026:17:35:26 +0000] "GET / HTTP/1.0" 200 10073 "http://jayblues.in/" "Mozilla/5.0 (Windows NT 10.0; Win64; x64) AppleWebKit/537.36 (KHTML, like Gecko) Chrome/130.0.0.0 Safari/537.36 CCleaner/130.0.0.0"
114.119.135.196 - - [12/May/2026:17:37:53 +0000] "GET /View_Paker-10-3-21/PHPExcel/Shared HTTP/1.1" 404 - "http://www.jayblues.in/View_Paker-10-3-21/PHPExcel/Shared" "Mozilla/5.0 (Linux; Android 7.0;) AppleWebKit/537.36 (HTML, like Gecko) Mobile Safari/537.36 (compatible; PetalBot;+https://webmaster.petalsearch.com/site/petalbot)"
114.119.131.93 - - [12/May/2026:17:40:48 +0000] "GET /MMG_Trends/PHPExcel/Worksheet/ HTTP/1.1" 404 - "-" "Mozilla/5.0 (Linux; Android 7.0;) AppleWebKit/537.36 (KHTML, like Gecko) Mobile Safari/537.36 (compatible; PetalBot;+https://webmaster.petalsearch.com/site/petalbot)"
114.119.155.200 - - [12/May/2026:17:43:28 +0000] "GET /MMG_Trends/PHPExcel/Style/Font.php HTTP/1.1" 404 - "http://www.jayblues.in/MMG_Trends/PHPExcel/Style/Font.php" "Mozilla/5.0 (Linux; Android 7.0;) AppleWebKit/537.36 (HTML, like Gecko) Mobile Safari/537.36 (compatible; PetalBot;+https://webmaster.petalsearch.com/site/petalbot)"
114.119.148.60 - - [12/May/2026:17:44:51 +0000] "GET /MMG_Trends/PHPExcel/Shared/PCLZip/readme.txt HTTP/1.1" 404 - "http://www.jayblues.in/MMG_Trends/PHPExcel/Shared/PCLZip/readme.txt" "Mozilla/5.0 (Linux; Android 7.0;) AppleWebKit/537.36 (HTML, like Gecko) Mobile Safari/537.36 (compatible; PetalBot;+https://webmaster.petalsearch.com/site/petalbot)"